test common divisor of 187 and s.
11
Suppose -14*a = -13*a - 4. Suppose -2*k = k + 99. Let n be k*(a - (-15)/(-3)). Calculate the greatest common divisor of n and 297.
33
Let j = -18 - -30. Suppose -j = -6*y + 3*y. Suppose y*c = 2*c + 736. What is the highest common divisor of c and 46?
46
Let t(i) be the second derivative of 5*i**4/3 + 2*i**3/3 - 2*i**2 - 58*i. Let s be t(1). Calculate the greatest common divisor of 65 and s.
5
Let s(i) = 19*i - 4. Let m be s(4). Suppose -273 = -3*t - 5*d, -4*t + 62*d + 381 = 63*d. What is the highest common factor of m and t?
24
Suppose -1862 = -29*j + 22*j. Let d = j + -28. Calculate the greatest common divisor of d and 14.
14
Let t be (5400/(-975))/(6/(-52)). What is the greatest common factor of t and 25104?
48
Suppose 10*j = 1388 + 1342. Calculate the highest common divisor of 104 and j.
13
Let r = -4513 + 7344. Calculate the greatest common divisor of 19 and r.
19
Let u = -21734 - -21924. Calculate the greatest common divisor of 2508 and u.
38
Let l = 13498 - 13466. Calculate the highest common divisor of 4000 and l.
32
Let l = 941 + -845. What is the greatest common divisor of l and 18?
6
Let i = 52 + -52. Suppose -4*o = -a - 8, 2*a = -i*o + o - 2. Suppose -5*b + 273 = h, 105 = o*b - h - 0*h. Calculate the highest common factor of 18 and b.
18
Let m be 14742/(-36) - 5/(10/(-3)). Let q = m - -433. What is the greatest common factor of q and 35?
5
Let o = 70 - 26. Let j = o + -35. What is the greatest common factor of 12 and j?
3
Let f = -54 + 53. Let j(m) = -110*m**3 - m**2 - 2*m. Let z be j(f). Let k(t) = 4*t**2 + 4*t - 6. Let p be k(4). What is the greatest common factor of p and z?
37
Let z = -9803 - -11756. Calculate the highest common factor of z and 252.
63
Let x be (6 + (-10144)/(-12) - -4)/(4/54). What is the highest common factor of x and 9?
9
Let a(g) = 507*g - 1755. Let s be a(4). Calculate the highest common factor of s and 8931.
39
Let b be (24/(-10))/((-4)/20). Let t = -57 + 73. Let h be (6 + -5)/(2/t). What is the greatest common factor of b and h?
4
Let h = -23 + 23. Suppose 3*w - 178 + 43 = h. Suppose 3*g - w = -12*g. What is the greatest common factor of 12 and g?
3
Suppose 22*d + 192 = 6*d. Let h be d/(-3)*135/18. What is the highest common divisor of 465 and h?
15
Let n(g) = 12*g + 781. Let t be n(27). What is the highest common divisor of t and 884?
221
Let t = 19669 + -18200. Calculate the greatest common divisor of t and 52.
13
Suppose -25*j - 114202 = -57*j - 26*j. What is the highest common divisor of j and 44?
11
Suppose -3*z = 21*z - 312. Let i(j) = -j**3 + 13*j**2 + 14*j - 28. Let t be i(z). Calculate the greatest common divisor of 693 and t.
77
Let g(n) = 18*n**2 + 36*n + 47*n - 93*n - 48. Let s be g(-6). What is the greatest common divisor of 60 and s?
60
Suppose v + 4 = 0, 4*z + 3*v = 7*v - 20. Let p be (7 + -6)/((z/(-957))/3). What is the greatest common divisor of p and 11?
11
Suppose 0 = -o + 168 - 165. Suppose -2*z = r + 3*r - 68, -4*z + 114 = -o*r. What is the highest common factor of z and 225?
15
Suppose 4*b + 26 = -2*u - b, 5*b + 14 = 2*u. Let h(z) = -4*z**3 - 2*z + 16. Let a be h(u). Calculate the greatest common factor of a and 52.
26
Suppose -14 = 84*q - 82 - 772. Calculate the greatest common factor of q and 13010.
10
Let o(a) = -12*a**3 + a**2 + 9*a + 4. Suppose g + 3*i + 3 = 4, -4*g = 4*i + 4. Let w be o(g). Calculate the greatest common factor of w and 215.
43
Suppose -3*m - 35 = 4*u - 63, u = m. Calculate the greatest common factor of u and 2884.
4
Let a be (-2268)/(-14) - (-3 - -5). Suppose 0 = -3*m + 4*y + 1660, 3*y + 545 = 3*m - 2*m. What is the highest common divisor of a and m?
80
Suppose 176 = 2*d - v, -4*d + 0*d - 3*v = -352. Let o = d - -22. Calculate the highest common factor of 10 and o.
10
Let p(c) = c**3 - c**2 - 9*c - 8. Let u be p(-4). Let t = u + 85. What is the greatest common divisor of t and 11?
11
Suppose -2*o + 1674 = -156*a + 154*a, 4*o = 2*a + 3338. What is the greatest common divisor of 224 and o?
32
Let u(k) = -k**3 - 9*k**2 - 14*k - 13. Let i = 42 - 51. Let r be u(i). Let l = r - 35. Calculate the highest common divisor of 26 and l.
26
Let z be 160/2 - ((1 - -15) + -14). Let l = -8 + 10. Suppose -2*y - 2*t + 42 = 0, 4*y = 5*y + l*t - 16. What is the greatest common factor of y and z?
26
Let a(l) = -l - 25. Let x be (4 + -5)/1 + (-16)/1. Let c be a(x). Let f be 10 + c + (-1)/((-3)/6). Calculate the greatest common divisor of 6 and f.
2
Let k = -369 - -222. Let m = k + 157. Calculate the highest common divisor of 5 and m.
5
Let d = 21358 + -21328. What is the highest common divisor of 49710 and d?
30
Let z be 23/46 + (165/2)/1. Let p = 86 - z. Suppose 35 + 25 = 5*v. What is the greatest common divisor of p and v?
3
Let a(r) = -r**3 + 24*r**2 - 2*r + 83. Suppose -16*w + 700 = -484. Suppose -46 = -5*c + w. Let n be a(c). Calculate the greatest common factor of 35 and n.
35
Let l be (3 - 5) + -1 + 9. Let i(g) = 969*g + g**2 - 973*g - 2 - 10. Let b be i(7). Calculate the greatest common divisor of b and l.
3
Let i = 12591 + -12371. Calculate the greatest common divisor of i and 5335.
55
Let z be (-5)/50*1 - (9272/80)/(-19). What is the highest common factor of z and 1878?
6
Let u(z) = 2*z**2 + 325*z - 4355. Let j be u(13). Let c = 18 + -2. Calculate the highest common divisor of c and j.
16
Suppose 2*m - 67 = -3*c, -41*m + 38*m - 2*c = -98. What is the highest common divisor of 2776 and m?
8
Suppose -t - 74 = -2*p - 305, 0 = -5*t - 2*p + 1095. Calculate the highest common divisor of 208 and t.
13
Let g = 35403 + -9407. Calculate the greatest common factor of 97 and g.
97
Suppose 5*w + 5*u - 1588 = 87, 0 = -2*w + 2*u + 690. Let n be (15/(-7))/((-2793)/110789). Calculate the highest common divisor of n and w.
85
Let h = 35 - -5. Suppose -42*r - 572 = -4*g - 40*r, -2*g + 292 = -2*r. What is the highest common factor of h and g?
20
Suppose 45*g = 49*g - 28. Let x be 3/(-21) + (-132)/(-42). Suppose -2*j = 3*j + x*b - 102, 0 = 5*j + 5*b - 100. What is the greatest common factor of g and j?
7
Let k = 35916 - 34134. What is the greatest common factor of 561 and k?
33
Let p(d) = d**2 + 2*d - 8. Let q be 2/14 + (-72)/(-28)*-2. Let u be p(q). Let i = -31 - -115. Calculate the greatest common divisor of i and u.
7
Let w(p) = 109*p**3 + p**2 + 4*p - 6. Suppose -1 = -11*v + 10*v. Let j be w(v). Calculate the highest common factor of j and 12.
12
Suppose -v + 3*q = -37, -q = -216 + 207. Suppose 0 = 5*d - 201 - 119. Calculate the highest common divisor of d and v.
64
Suppose 1291 = 5*p - 2*n + 394, -5*p + 3*n + 893 = 0. Let d = -163 + p. Calculate the highest common factor of 18 and d.
18
Let l be 3*17*2/6. Let k be 9/1404*39 + (-1086)/(-8). Calculate the highest common factor of k and l.
17
Let p = 276 - 137. Suppose 17 = 3*o - p. Calculate the greatest common divisor of 13 and o.
13
Let q(h) = -437*h - 6114. Let l be q(-14). Calculate the highest common factor of l and 753.
1
Let r(c) = -c**3 + 11*c**2 + 95*c - 48. Let x be r(15). What is the greatest common factor of x and 212?
53
Suppose -371*v + 258*v + 609183 = 0. Calculate the highest common factor of v and 90.
9
Let y(g) be the second derivative of g**4/6 - g**3/6 + 37*g. Let q be y(14). Calculate the highest common factor of q and 42.
42
Suppose 0 = 7*m - 33 - 555. Calculate the highest common divisor of m and 1218.
42
Let w(m) = -25*m**2 + 444*m + 12. Let v be w(17). What is the highest common factor of 536 and v?
67
Let o be 64/224 - 36/(-21). Suppose 5*y - 211 = -3*u, o*y - u = -1 + 81. Calculate the highest common divisor of 41 and y.
41
Let u(q) = 2*q**3 - 21*q**2 + 58*q + 31. Let c be u(13). Suppose 6 + 4 = 2*s, -5*o + 3*s + c = 0. Calculate the highest common factor of 47 and o.
47
Let c(m) = m**3 - 8*m**2 + 16*m - 127. Let i be c(8). Let s be i*(-5 + 1) + 14. Calculate the highest common factor of 100 and s.
10
Let l be (5 + 1)/(2 - (-800)/(-402)). Suppose -77 - l = -4*n. Suppose -12*z + 10*z = -20. What is the highest common factor of z and n?
10
Let g(q) = -2*q. Let h be g(-1). Suppose -3*b + 125 = -h*b - 5*f, 3*b - 365 = 5*f. Let t be -1*(-4 - (6 + 2)). What is the highest common factor of b and t?
12
Suppose -68 = -15*m - 23. Suppose m*g + 8 = 12*l - 11*l, 4*g = -4*l + 32. What 